6. What is the units digit of b(h)?
4
Suppose -5*v + 25 = -5*a, -a = -0*v + v - 1. Suppose u = 2*o + 36, v*o = -u + o + 16. What is the tens digit of u?
2
Suppose 2*k - 13 = 15. What is the units digit of k?
4
Let y = 0 - 6. Let t(g) = g**2 + 2*g + 1. What is the units digit of t(y)?
5
Let v = 5 - 2. Let b(i) = -3*i - i**2 - 2 + i**v + 6*i - 5*i. What is the units digit of b(3)?
0
What is the tens digit of (0 - 2) + (-1370)/(-10)?
3
Let g(u) = -u**3 + 2*u**2 - 4*u + 2. Let j be g(2). Let c = j - -29. Suppose 3*r + 42 = 3*d, d - 3*r = 3*d - c. What is the units digit of d?
3
Let l = 5 - 4. Suppose 3*q + 5*p = -l, 47 = 4*q - 0*q - 3*p. What is the units digit of q?
8
Suppose 2*v = -2*h - 22, 3*h + 2*v = -18 - 14. What is the units digit of 2/h + (-480)/(-25)?
9
What is the units digit of 1/1 - 918/(-17)?
5
What is the tens digit of (-5)/((-60)/(-112))*-9?
8
Let p = -2 - -1. Let d = 5 + p. Suppose -4*l + d*w = -16, 2 = -l - 4*w + 16. What is the units digit of l?
6
What is the units digit of 558/14 + (-7)/(-49)?
0
Suppose -p + 6*p = 0. What is the units digit of (-5 - -28) + (-1 - p)?
2
Suppose -w - 4 = -2. Let d(z) = 2 - 1 + 0 + 3*z + 2*z**2. What is the units digit of d(w)?
3
Suppose 2*w - 2*l = 202, 4*l + 62 = 3*w - 239. What is the units digit of w?
3
Let x = 440 + -109. What is the hundreds digit of x?
3
Let n be 16/(-56) - 61/7. Let r = 15 - n. What is the units digit of r?
4
Let j(s) = -s**3 - s**2 + s + 7. Let c be 0*(-2)/(-4)*-1. Let l be j(c). Let v = l - 0. What is the units digit of v?
7
What is the tens digit of 1/((2/81)/(8/12))?
2
Let y = -145 - -212. What is the tens digit of y?
6
Suppose 0 = -10*y + 5*y + 380. What is the tens digit of y?
7
Suppose 3*l = -a - 1, 6 = 2*l + 3*a + 2. Let d be l/(-1) + (1 - 0). What is the units digit of (d/(-4))/((-3)/12)?
2
Suppose 0 = 4*d - 5*d + 106. What is the hundreds digit of d?
1
Let n be (1 + -6)*830/25. What is the units digit of n/(-10) + 30/75?
7
Let m(g) = -g**3 + 9*g**2 + 4*g + 2. What is the units digit of m(9)?
8
Let f(r) = r**3 - 3*r**2 + 5*r - 4. Let b be f(3). Suppose -2*l - 5 = -b. What is the units digit of l?
3
Let h(a) = -8*a**3 - 2*a**2 - 2*a - 1. Let z be h(-1). Let k = -4 + z. Suppose 4*x + 3*g - 61 = 6*g, 2*g - 50 = -k*x. What is the tens digit of x?
1
Suppose 0*z = 5*l - 5*z - 195, 2*l - 48 = -4*z. Suppose -3*y + 3*k + 38 = -k, y - l = -4*k. What is the tens digit of y?
1
Let k be 4/(4/(-3)) + -18. Let t = k - -30. What is the units digit of t?
9
Suppose 0 = -5*k - 13 - 2. Let q be 11/k - 2/(-3). Let c = 4 + q. What is the units digit of c?
1
Let t(l) = -7*l - 2. Suppose 2*n = -5*g + 4*n + 23, 0 = -4*n + 4. Suppose -z + 23 = -g*h, -3*z = -2*h - 2*h - 14. What is the tens digit of t(z)?
1
Let l be (0/5)/(6/3). Let v(c) = c**3 + c**2 - c + 8. What is the units digit of v(l)?
8
Suppose 0*q - 5*x = q - 64, 4*q - 3*x = 256. Suppose k = -3*k + q. What is the tens digit of k?
1
Let q(i) = -i**3 - 2*i**2 - 2*i. Let d be q(-3). Suppose -5*k + d = 0, -b + 136 = -6*b + 2*k. What is the units digit of 2/(-8) - b/8?
3
Let j = 16 + 22. Suppose -3*s + j = -4*m, 4*s + m - 48 = 5*m. What is the units digit of s?
0
Let w(v) = -6*v**2 + 4*v**2 + 4*v**2 - 4 + 2*v. Suppose -2*x + 1 = -c, -3 = -c + 3*c - 3*x. What is the units digit of w(c)?
8
Let v(l) = -l**3 + 8*l**2 - 7*l + 5. Let k be v(7). Suppose -z - 3 + k = 0. What is the units digit of z?
2
Suppose -6*u + 12 = -3*u. Suppose -5*x + 35 = u*k, 3*k + k = -2*x + 2. What is the units digit of x?
1
Let w = 4 + -20. Let t = 30 + w. Suppose p + t = u - 0*u, 46 = 4*u + p. What is the units digit of u?
2
Let s(b) = b**3 + b**2 - 3*b + 3. What is the units digit of s(3)?
0
Let f(o) = o + 7. Let v be f(-13). Let m = v - -39. What is the units digit of m?
3
Let f be (-2)/8 + 4670/(-8). What is the units digit of f/(-16) - 3/2?
5
What is the tens digit of ((-112)/12)/(-7)*33?
4
Let r = 2 + 0. Suppose -2*j - r = -l - 0, -5*j = 3*l - 17. What is the units digit of j?
1
Suppose 4*o - 6*o + 8 = 0. Suppose 5 + 19 = o*k. What is the units digit of k?
6
Let b = 49 + -29. Let z = 49 - b. What is the tens digit of z?
2
Suppose -4*t = y - 312, -3*t + 312 = t + 5*y. What is the tens digit of t?
7
Suppose 4*g - 468 = -3*v, -4*g + 8*g = -v + 468. What is the units digit of g?
7
Suppose 2*y - 24 = 3*q, y + 3*y - 2*q = 32. Let t be -3*2/(-6) - -8. Let h = t - y. What is the units digit of h?
3
Suppose 0 = -5*s - 5*a + 35, -2*s + 10 = -0*a - 2*a. Let m = s - -1. What is the units digit of m?
7
Let w be (-8)/20 + (-13)/5. Let z be (5 - 1)/((-1)/w). What is the units digit of (8/z)/((-2)/(-15))?
5
Let z be (-4)/14 + (-10)/(-35). Suppose 2*t - 30 = -4*c, z = -t + 4*t - 4*c - 55. What is the tens digit of t?
1
Suppose -4*r - 315 = -11*r. What is the tens digit of r?
4
Suppose -4*p + 722 = 2*l, 2*p + 3*l - 581 = -210. What is the units digit of p?
8
Suppose -3*g - g = -192. What is the tens digit of g?
4
Let d(t) = 175*t**2 - t. What is the units digit of d(1)?
4
Let i be -2 - (-8 - 2/(-1)). Suppose -4*s + 8 = -5*m, 0*s + 8 = i*s + m. Suppose 0 - 22 = -2*t - s*f, 2*t = 4*f - 8. What is the units digit of t?
6
Let o(d) = -d**2 - 7*d - 8. Let m be o(-6). Let u = 1 - m. Suppose 0 = 4*a - 27 + u. What is the units digit of a?
6
Suppose -2*m + 6*b + 99 = b, -5*m + 216 = -2*b. What is the units digit of m?
2
Suppose -k + 2 = 1. Let o = k - -2. Suppose 0 = -o*u + 4*u - 8. What is the units digit of u?
8
Let h(y) = 20*y**2 - 4*y + 3. What is the units digit of h(2)?
5
Suppose s + s = 14. Let i = s - 6. What is the units digit of i?
1
Let v(p) = -4*p**2 - 2*p**2 - 8*p + 5*p**2 - 1. Suppose 3*a + 27 = 6. What is the units digit of v(a)?
6
Suppose 4*a = 2*a. Suppose a*k = -k. Suppose k = -l - 2*l + v + 17, l - 9 = 2*v. What is the units digit of l?
5
Let z be (-2)/(-4)*(-2)/1. Let u be (-1)/(z*1/3). Suppose -5*l - 3*h = h - 57, 0 = -4*l + u*h + 27. What is the units digit of l?
9
Let q = 40 - 214. What is the units digit of (-3)/(-5) - q/10?
8
Let c be 42/(-5) - (-2)/5. Let d = c + 21. What is the units digit of d?
3
Let h(x) = -x + 10. Let y(o) = 3*o - 30. Let m(k) = -8*h(k) - 3*y(k). What is the units digit of m(9)?
1
Suppose 0 = -2*j + j - 2*b + 139, -4*b = j - 137. What is the hundreds digit of j?
1
Let x = 423 - 213. What is the tens digit of x?
1
Suppose 0 = -2*u + 3 + 3. What is the units digit of -1*(-1 - u/3)?
2
Suppose b + 86 = -0*b. Let x = b + 134. Suppose 2*d - x = -5*h, 4*h - 4*d + 2*d - 24 = 0. What is the units digit of h?
8
Suppose -5*m = -5*o + 285, o + 7 = 4*m + 55. What is the units digit of o?
0
Let w = -25 + 79. What is the units digit of w?
4
Let w(u) = 3*u - 9. Let j be w(6). Let b(s) = 2*s - 13. Let r be b(j). Let p = r - 3. What is the units digit of p?
2
Suppose -6*z + 4*z = 8. Suppose 3*k + 8 = -10. Let t = z - k. What is the units digit of t?
2
Suppose 0*r - 5*z + 7 = -3*r, 3*z - 4 = 2*r. Let m(t) = t + 6. Let g be m(-6). What is the units digit of g - (r - (3 + 2))?
4
Let n be ((-6)/(-8))/((-7)/(-28)). Suppose -x - 12 = -n*x. What is the units digit of x?
6
What is the tens digit of 4/(-18) - (-1990)/45?
4
Let d(t) = -t**3 + 9*t**2 - t + 2. What is the units digit of d(8)?
8
Let h(c) = 9*c**3. Let u be h(1). Let r(q) = -q**3 + 9*q**2 + 2*q - 10. What is the units digit of r(u)?
8
Suppose 16 = -15*j + 13*j. Let d(g) = 8*g + 1. Let s be d(-1). Let x = s - j. What is the units digit of x?
1
Let l = 564 - 271. What is the tens digit of l?
9
Suppose -27*m + 30*m - 90 = 0. What is the tens digit of m?
3
Let q = -4 - -4. Suppose q*r = -5*r - 40. Let i = r - -16. What is the units digit of i?
8
Suppose -2*u + 76 = 2*u. Let k = 33 - u. Let o = 22 - k. What is the units digit of o?
8
Suppose -3*m + 3 = -0*m, 4*t + 2*m - 278 = 0. What is the units digit of t?
9
What is the units digit of 1 + (23 + 1)/1?
5
Suppose 0 = -5*y + 4*c + 177, -141 = -3*y + 5*c - 40. Let r = 1 + 4. Suppose 4*u = 4*h - 44, -3*u + y - 6 = r*h. What is the units digit of h?
8
Let n = -77 + 109. What is the units digit of (-8)/(-36) + n/18?
2
Let u = 2 + 1. Suppose u*b = 6*b + 33. Let o = b + 19. What is the units digit of o?
8
Let d(v) = 29*v**2 + 2*v - 12. What is the hundreds digit of d(3)?
2
Suppose -a = -2*a + 86. What is the tens digit of a?
8
Let c = 587 + -353. What is the tens 